{"id":10,"date":"2023-11-26T23:51:47","date_gmt":"2023-11-26T22:51:47","guid":{"rendered":"http:\/\/sanierung.michaelis-friedens.de\/michaeliskirche\/?page_id=10"},"modified":"2023-11-26T23:51:47","modified_gmt":"2023-11-26T22:51:47","slug":"impressum-datenschutz","status":"publish","type":"page","link":"https:\/\/sanierung.michaelis-friedens.de\/michaeliskirche\/impressum-datenschutz\/","title":{"rendered":"Impressum &#038; Datenschutz"},"content":{"rendered":"\n<h2 class=\"wp-block-heading\">Herausgeber<\/h2>\n\n\n\n<p>Kirchenvorstand der Ev.-Luth. Michaelis-Friedens-Kirchgemeinde<br>Kirchplatz 9<br>04155 Leipzig<\/p>\n\n\n\n<p>Fon: 0341\/5 64 55 09<br>Fax: 0341\/5 64 55 13<\/p>\n\n\n\n<p>e-mail: <a href=\"mailto:kg.leipzig_michaelisfriedens@evlks.de\">kg.leipzig_michaelisfriedens@evlks.de<\/a><br>Internet: <a href=\"http:\/\/www.michaelis-friedens.de\">www.michaelis-friedens.de<\/a><\/p>\n\n\n\n<p>Inhaltlich Verantwortlicher gem\u00e4\u00df \u00a7 10 Absatz 3 MDStV:<br>Pfr. Dr. Ralf G\u00fcnther<br>(Anschrift wie oben)<\/p>\n\n\n\n<h2 class=\"wp-block-heading\">Haftungshinweis<\/h2>\n\n\n\n<p>Trotz sorgf\u00e4ltiger inhaltlicher Kontrolle \u00fcbernehmen wir keine Haftung f\u00fcr die Inhalte externer Links. F\u00fcr den Inhalt der verlinkten Seiten sind ausschlie\u00dflich deren Betreiber verantwortlich.<\/p>\n\n\n\n<h2 class=\"wp-block-heading\">Datenschutz<\/h2>\n\n\n\n<div class=\"col-xs-12 col-md-6\">\n<div id=\"c4961\" class=\"csc-default\">\n<div class=\"ce-textpic ce-center ce-above\">\n<div class=\"ce-bodytext\">\n<h3>&nbsp;<\/h3>\n<h3>Allgemeines<\/h3>\n<p>Die Evangelisch-Lutherische Michaelis-Friedens-Kirchgemeinde Leipzig unterliegt als K\u00f6rperschaft \u00f6ffentlichen Rechts in Sachsen den Bestimmungen des S\u00e4chsischen Datenschutzgesetzes (S\u00e4chsDSG) sowie den einschl\u00e4gigen gesetzlichen Grundlagen mit Bestimmungen zum Schutz des Rechtes auf informationelle Selbstbestimmung.<\/p>\n<p>Wir freuen uns \u00fcber Ihr Interesse an unserem Internetauftritt und unseren Angeboten. Der Schutz Ihrer personenbezogenen Daten (im Folgenden kurz &#8222;Daten&#8220;) ist uns ein sehr wichtiges Anliegen. Nachfolgend m\u00f6chten wir Sie daher ausf\u00fchrlich dar\u00fcber informieren, welche Daten bei Ihrem Besuch unseres Internetauftritts und bei der Nutzung unserer dortigen Angebote erhoben und wie diese von uns im Folgenden verarbeitet oder genutzt werden.<\/p>\n<p>Zum Schutz Ihrer Rechte haben wir technische und organisatorische Ma\u00dfnahmen getroffen, dass die Vorschriften \u00fcber den Datenschutz innerhalb der Evangelisch-Lutherischen Landeskirche Sachsens als auch durch externe Dienstleister beachtet werden, wenn diese an diesem Angebot mitwirken.<\/p>\n<p>Wir weisen darauf hin, dass die Daten\u00fcbertragung im Internet (z.B. bei der Kommunikation per E-Mail) Sicherheitsl\u00fccken aufweisen kann. Ein l\u00fcckenloser Schutz der Daten vor dem Zugriff durch Dritte ist nicht m\u00f6glich.<\/p>\n<p>Wenn Sie glauben, dass die hier aufgef\u00fchrten Datenschutzrichtlinien nicht eingehalten werden oder Missbrauch mit pers\u00f6nlichen Daten betrieben wird, dann wenden Sie sich bitte per an uns.<\/p>\n<h3 class=\"Default\"><span style=\"font-size: 11.5pt;\"><strong>Betrieblicher Datenschutzbeauftragter<\/strong><br><\/span><\/h3>\n<p class=\"Default\"><span style=\"font-size: 11.5pt;\">Der betriebliche Datenschutzbeauftragte ist Alexander Schneider. Er ist zu erreichen:<\/span><\/p>\n<p class=\"Default\"><span style=\"font-size: 11.5pt;\">Regionalkirchenamt Leipzig<br>Alexander Schneider<br>Burgstr. 1-5<br>04103 Leipzig<br>E-Mail: alexander.schneider@evlks.de<br><\/span><\/p>\n<\/div>\n<\/div>\n<\/div>\n<\/div>\n\n\n\n<div class=\"col-xs-12 col-sm-6\">\n<div id=\"c4970\" class=\"csc-default\">\n<div class=\"ce-textpic ce-center ce-above\">\n<div class=\"ce-bodytext\">\n<h3>Datenschutz beim Besuch unserer Webseite<\/h3>\n<p>Die Nutzung unserer Webseite ist in der Regel ohne Angabe personenbezogener Daten m\u00f6glich. Soweit auf unseren Seiten personenbezogene Daten (beispielsweise Name, Anschrift oder E-Mail-Adressen) erhoben werden, erfolgt dies stets auf freiwilliger Basis. Diese Daten werden ohne Ihre ausdr\u00fcckliche Zustimmung nicht an Dritte weitergegeben.<\/p>\n<p>Der Provider der Seiten erhebt und speichert automatisch Informationen in so genannten Server-Log Files, die Ihr Browser an uns \u00fcbermittelt. Dies sind:<\/p>\n<ul>\n<li>Datum und Uhrzeit des Abrufs einer unserer Internetseiten,<\/li>\n<li>Ihren Browsertyp,<\/li>\n<li>die Browser-Einstellungen,<\/li>\n<li>das verwendete Betriebssystem,<\/li>\n<li>die von Ihnen zuletzt besuchte Seite,<\/li>\n<li>die \u00fcbertragene Datenmenge und der Zugriffsstatus (Datei \u00fcbertragen, Datei nicht gefunden etc.) sowie<\/li>\n<li>Ihre IP-Adresse.<\/li>\n<\/ul>\n<p>Diese Daten erheben und verwenden wir bei einem informatorischen Besuch ausschlie\u00dflich in nicht-personenbezogener Form. Dies erfolgt, um die Nutzung der von Ihnen abgerufenen Internetseiten \u00fcberhaupt zu erm\u00f6glichen, zu statistischen Zwecken sowie zur Verbesserung unseres Internetangebots. Die IP-Adresse speichern wir nur f\u00fcr die Dauer Ihres Besuchs, eine personenbezogene Auswertung findet nicht statt.<\/p>\n<\/div>\n<\/div>\n<\/div>\n<\/div>\n\n\n\n<div class=\"col-xs-12 col-sm-6\">\n<div id=\"c4977\" class=\"csc-default\">\n<div class=\"ce-textpic ce-center ce-above\">\n<div class=\"ce-bodytext\">\n<h3>Einsatz von Cookies<\/h3>\n<p>Um die Nutzung unserer Website zu erleichtern, verwenden wir \u201eCookies\u201c. Cookies sind kleine Textdateien, die von Ihrem Browser auf der Festplatte Ihres Computers abgelegt werden k\u00f6nnen und hilfreich f\u00fcr die Nutzung unserer Website sind.<\/p>\n<p>Wir setzen nur sog. Session-Cookies (auch als tempor\u00e4re Cookies bezeichnet) ein, also solche, die ausschlie\u00dflich f\u00fcr die Dauer Ihrer Nutzung einer unserer Internetseiten zwischengespeichert werden. Zweck dieser Cookies ist, Ihren Rechner w\u00e4hrend eines Besuchs unseres Internetauftritts beim Wechsel von einer unserer Webseiten zu einer anderen unserer Webseiten weiterhin zu identifizieren und das Ende Ihres Besuchs feststellen zu k\u00f6nnen. Die Cookies werden gel\u00f6scht, sobald Sie Ihre Browsersitzung beenden.&nbsp;Eine Erhebung oder Speicherung personenbezogener Daten in Cookies findet in diesem Zusammenhang durch uns nicht statt. Wir setzen auch keine Techniken ein, die durch Cookies anfallende Informationen mit Nutzerdaten verbinden.<\/p>\n<p>Sie k\u00f6nnen Ihren Internet-Browser so einstellen, dass das Speichern von Cookies auf Ihrer Festplatte verhindert wird bzw. Sie jedes Mal gefragt werden, ob Sie mit dem Setzen von Cookies einverstanden sind. Einmal gesetzte Cookies k\u00f6nnen Sie auch jederzeit wieder l\u00f6schen. Wie dies im Einzelnen funktioniert, k\u00f6nnen Sie den Hilfeseiten Ihres Browsers entnehmen.<\/p>\n<\/div>\n<\/div>\n<\/div>\n<\/div>\n\n\n\n<div class=\"col-xs-12 col-sm-6\">\n<div id=\"c4978\" class=\"csc-default\">\n<div class=\"ce-textpic ce-center ce-above\">\n<div class=\"ce-bodytext\">\n<h3>Datenschutzhinweise bei Nutzung von Kontakt- und Interaktionsangeboten<\/h3>\n<p>Soweit Sie von uns auf unserem Internetauftritt angebotene Leistungen (wie etwa die Kontaktaufnahmem\u00f6glichkeit \u00fcber das Kontaktformular, den Bezug unseres Newsletters oder die Zusendung von Materialien) in Anspruch nehmen wollen, ist es n\u00f6tig, dass Sie dazu weitere Daten angeben. Es handelt sich um diejenigen Daten, die zur jeweiligen Abwicklung erforderlich sind.<\/p>\n<p>Die Erhebung oder Verwendung Ihrer Daten erfolgt ausschlie\u00dflich zu dem Zweck, die von Ihnen gew\u00fcnschte Leistung zu erbringen.<\/p>\n<p>Ihre Daten werden zu vorgenanntem Zweck ggf. an uns unterst\u00fctzende Dienstleister weitergegeben, die wir selbstverst\u00e4ndlich sorgf\u00e4ltig ausgew\u00e4hlt haben. Dabei kann es sich um technische Dienstleister oder uns beim Versand unterst\u00fctzende Dienstleister handeln. Die Weitergabe Ihrer Daten an andere Dritte erfolgt ansonsten nur, wenn Sie zuvor eingewilligt haben.<\/p>\n<\/div>\n<\/div>\n<\/div>\n<\/div>\n\n\n\n<h3 class=\"wp-block-heading\">Zus\u00e4tzliche Hinweise bei Nutzung unserer Kirchlichen Nachrichten<\/h3>\n\n\n\n<p>Als Gemeindemitglied k\u00f6nnen Sie sich im Gemeindeb\u00fcro zu unseren Kirchlichen Nachrichten anmelden. Dabei erhalten Sie aktuelle Informationen aus unserer Gemeinde. Ihre Daten, sofern Sie uns nicht wegen anderer Gr\u00fcnde bereits bekannt sind, erheben, speichern und nutzen wir ausschlie\u00dflich zum Versand der Kirchlichen Nachrichten. Sie k\u00f6nnen sich jederzeit formlos davon abmelden.<\/p>\n\n\n\n<h3 class=\"wp-block-heading\">Webseitenbenutzungsanalyse<\/h3>\n\n\n\n<p>Wir verwenden auf unserer Website das Webanalyseprogramm \u201eGoogle Analytics\u201c. Dieses Programm erm\u00f6glicht es uns, die Benutzung unserer Website zu erfassen und hierdurch gegebenenfalls Optimierungen unserer Website vorzunehmen. Hierzu verwendet das Programm sogenannte Cookies. Die hierdurch gewonnenen Nutzungsinformationen werden zusammen mit Ihrer IP-Adresse an den Server weitergeleitet und zur Analyse des Nutzungsverhaltens gespeichert. Bei diesem Vorgang wird Ihre IP-Adresse umgehend anonymisiert, sodass wir keine R\u00fcckschl\u00fcsse auf Sie als Nutzer ziehen k\u00f6nnen. Die derart gewonnenen Informationen werden nicht an Dritte, au\u00dfer an Google Analytics weitergebenen. Um die Verwendung von Google Analytics im europ\u00e4ischen Raum rechtlich sicher zu gestalten, haben wir mit Google einen Auftragsverarbeitungsvertrag geschlossen. Die im Rahmen von Google Analytics von Ihrem Browser \u00fcbermittelte IP-Adresse wird nicht mit anderen Daten von Google zusammengef\u00fchrt. Sie k\u00f6nnen die Speicherung der Cookies durch eine entsprechende Einstellung Ihrer Browser-Software verhindern; wir weisen Sie jedoch darauf hin, dass Sie in diesem Fall gegebenenfalls nicht s\u00e4mtliche Funktionen dieser Website vollumf\u00e4nglich werden nutzen k\u00f6nnen. Sie k\u00f6nnen dar\u00fcber hinaus die Erfassung der durch das Cookie erzeugten und auf Ihre Nutzung der Website bezogenen Daten (inkl. Ihrer IP-Adresse) an Google sowie die Verarbeitung dieser Daten durch Google verhindern, indem sie das unter dem folgenden Link verf\u00fcgbare Browser-Plugin herunterladen und installieren http:\/\/tools.google.com\/dlpage\/gaoptout?hl=de<\/p>\n\n\n\n<h3 class=\"wp-block-heading\">SSL-Verschl\u00fcsselung<\/h3>\n\n\n\n<p>Diese Seite nutzt aus Gr\u00fcnden der Sicherheit und zum Schutz der \u00dcbertragung vertraulicher Inhalte, wie zum Beispiel der Anfragen, die Sie an uns als Seitenbetreiber senden, eine SSL-Verschl\u00fcsselung. Eine verschl\u00fcsselte Verbindung erkennen Sie daran, dass die Adresszeile des Browsers von &#8222;http:\/\/&#8220; auf &#8222;https:\/\/&#8220; wechselt und an dem Schloss-Symbol in Ihrer Browserzeile.<br>Wenn die SSL Verschl\u00fcsselung aktiviert ist, k\u00f6nnen die Daten, die Sie an uns \u00fcbermitteln, nicht von Dritten mitgelesen werden.<\/p>\n\n\n\n<h3 class=\"wp-block-heading\">Recht auf Auskunft, L\u00f6schung und Sperrung<\/h3>\n\n\n\n<p>Sie haben jederzeit das Recht auf unentgeltliche Auskunft \u00fcber Ihre gespeicherten personenbezogenen Daten, deren Herkunft und Empf\u00e4nger und den Zweck der Datenverarbeitung sowie ein Recht auf Berichtigung, Sperrung oder L\u00f6schung dieser Daten. Hierzu sowie zu weiteren Fragen zum Thema personenbezogene Daten k\u00f6nnen Sie sich jederzeit unter der im Impressum angegebenen Adresse an uns wenden.<\/p>\n\n\n\n<h3 class=\"wp-block-heading\">Zus\u00e4tzliche Hinweise bei der Nutzung unseres Newsletter-Angebotes<\/h3>\n\n\n\n<p>Um sich bei unserem E-Mail-Newsletter anmelden zu k\u00f6nnen, ben\u00f6tigen wir neben Ihrer datenschutzrechtlichen Einwilligung Ihre E-Mail-Adresse, an die der Newsletter versendet werden soll.<\/p>\n\n\n\n<p>F\u00fcr den Newsletterversand verwenden wir das sog. Double-Opt-In-Verfahren, d. h. wir werden Ihnen erst dann den Newsletter zusenden, wenn Sie zuvor Ihre Anmeldung \u00fcber eine Ihnen zu diesem Zweck zugesandte Best\u00e4tigungs-E-Mail per darin enthaltenem Link best\u00e4tigen. Damit m\u00f6chten wir sicherstellen, dass nur Sie selbst sich als Inhaber der angegebenen E-Mail-Adresse zum Newsletter anmelden k\u00f6nnen. Ihre diesbez\u00fcgliche Best\u00e4tigung muss zeitnah nach Erhalt der Best\u00e4tigungs-E-Mail erfolgen, da andernfalls Ihre Newsletter-Anmeldung automatisch aus unserer Datenbank gel\u00f6scht wird.<\/p>\n\n\n\n<p>Sie k\u00f6nnen einen von Ihnen bei uns abonnierten Newsletter jederzeit abbestellen. Dazu k\u00f6nnen Sie uns entweder eine formlose E-Mail an&nbsp;<a href=\"mailto:newsletter@evlks.de\">kg.leipzig_michaelisfriedens@evlks.de<\/a>&nbsp;zusenden oder \u00fcber den Link am Ende des Newsletters eine Stornierung vornehmen.<\/p>\n\n\n\n<p>Ihre Daten werden zu vorgenanntem Zweck an einen uns unterst\u00fctzenden Dienstleister weitergegeben, den wir selbstverst\u00e4ndlich sorgf\u00e4ltig ausgew\u00e4hlt haben. Dabei handelt es sich um einen beim Serienmail-Versand unterst\u00fctzenden Dienstleister.<\/p>\n","protected":false},"excerpt":{"rendered":"<p>Herausgeber Kirchenvorstand der Ev.-Luth. Michaelis-Friedens-KirchgemeindeKirchplatz 904155 Leipzig Fon: 0341\/5 64 55 09Fax: 0341\/5 64 55 13 e-mail: kg.leipzig_michaelisfriedens@evlks.deInternet: www.michaelis-friedens.de Inhaltlich Verantwortlicher gem\u00e4\u00df \u00a7 10 Absatz 3 MDStV:Pfr. Dr. Ralf G\u00fcnther(Anschrift wie oben) Haftungshinweis Trotz sorgf\u00e4ltiger <a class=\"more-link\" href=\"https:\/\/sanierung.michaelis-friedens.de\/michaeliskirche\/impressum-datenschutz\/\">Weiterlesen\u00a0\u2026<\/a><\/p>\n","protected":false},"author":1,"featured_media":0,"parent":0,"menu_order":0,"comment_status":"closed","ping_status":"closed","template":"","meta":{"footnotes":""},"class_list":["post-10","page","type-page","status-publish","hentry"],"_links":{"self":[{"href":"https:\/\/sanierung.michaelis-friedens.de\/michaeliskirche\/wp-json\/wp\/v2\/pages\/10","targetHints":{"allow":["GET"]}}],"collection":[{"href":"https:\/\/sanierung.michaelis-friedens.de\/michaeliskirche\/wp-json\/wp\/v2\/pages"}],"about":[{"href":"https:\/\/sanierung.michaelis-friedens.de\/michaeliskirche\/wp-json\/wp\/v2\/types\/page"}],"author":[{"embeddable":true,"href":"https:\/\/sanierung.michaelis-friedens.de\/michaeliskirche\/wp-json\/wp\/v2\/users\/1"}],"replies":[{"embeddable":true,"href":"https:\/\/sanierung.michaelis-friedens.de\/michaeliskirche\/wp-json\/wp\/v2\/comments?post=10"}],"version-history":[{"count":1,"href":"https:\/\/sanierung.michaelis-friedens.de\/michaeliskirche\/wp-json\/wp\/v2\/pages\/10\/revisions"}],"predecessor-version":[{"id":11,"href":"https:\/\/sanierung.michaelis-friedens.de\/michaeliskirche\/wp-json\/wp\/v2\/pages\/10\/revisions\/11"}],"wp:attachment":[{"href":"https:\/\/sanierung.michaelis-friedens.de\/michaeliskirche\/wp-json\/wp\/v2\/media?parent=10"}],"curies":[{"name":"wp","href":"https:\/\/api.w.org\/{rel}","templated":true}]}}